t q(g) = -g**3 - 8*g**2 - 6*g + 1. Let u be q(h). What are the prime factors of (-2)/(-7) + (-305)/u?
3
Let o(y) = 2*y**2 - 11*y - 33. What are the prime factors of o(12)?
3, 41
Suppose -u + 2*u = 113. List the prime factors of u.
113
Suppose -4*a + 156 = -0*a. Suppose -2*f = -a + 9. What are the prime factors of f?
3, 5
Let q(l) = l**2 - 4. List the prime factors of q(5).
3, 7
Suppose o - 2*h - 123 = 0, 280 = 4*o + 5*h - 238. What are the prime factors of o?
127
Let d(g) = 7*g + 44. List the prime factors of d(12).
2
Suppose 301 - 11 = 5*q. What are the prime factors of q?
2, 29
Let w be 5/(-2) + 1/2. Let x be 3948/(-66) + w/11. List the prime factors of (3/2)/((-9)/x).
2, 5
Let j = 7 + -3. What are the prime factors of j?
2
Suppose 4*g + m - 115 = 0, -m + 2*m = -3*g + 87. List the prime factors of g.
2, 7
Let x(v) = v**2 - v - 1. Let d be x(0). Let z(n) = 2*n**2 + n. Let y be z(d). Let l(s) = 11*s. List the prime factors of l(y).
11
Let x = 47 + -27. Suppose -3*d + 8*d = x. What are the prime factors of d/(-14) + 744/56?
13
Let z = 153 + -101. Suppose -4*v + 8*v = z. List the prime factors of v.
13
Let g(i) = i**2 - 4. Let c(o) = o**3 + o + 3. Let r be c(0). Suppose -2 = b - r*b - 4*h, 0 = b + 4*h + 1. List the prime factors of g(b).
5
Let i(u) = -7*u + 9. Let t be i(6). Suppose 0 = 2*r - 6, -4*q + 2*r + 2*r = 8. What are the prime factors of (t/9)/(q/(-3))?
11
Let d(s) = 8*s**2 - 4*s + 2. Let h = 21 + -19. List the prime factors of d(h).
2, 13
Let u(n) = -n**3 + 6*n**2 + 2*n - 9. Let b be (-76)/(-12) - 1/3. List the prime factors of u(b).
3
Suppose -4*m - 5 + 13 = -4*f, 0 = 5*f - 4*m + 7. What are the prime factors of 24 + (f - 3) + 2?
2, 3
Let p be (-4)/16 + 26/8. Suppose -2*n - p*n = 3*i - 45, -60 = -4*i - 4*n. List the prime factors of i.
3, 5
Suppose d - 4*g - 11 = 0, -4*g + 43 = d - 0*d. List the prime factors of d.
3
Suppose 0 = -0*c - c - l + 1, -2*l = c. Suppose 0 = z - c*z + 4. Suppose -36 - 12 = -z*s. List the prime factors of s.
2, 3
Let r = 4 + -7. List the prime factors of (r/2)/(1/(-38)).
3, 19
Let d = 44 + -27. What are the prime factors of d?
17
Let y = 18 + -22. List the prime factors of -1 + 31 - 12/y.
3, 11
Let d = 22 + -4. Suppose -2*m + 8 = -d. Let z = 19 - m. What are the prime factors of z?
2, 3
Let i(q) = -3*q + 6. Let y(o) = 3*o - 7. Let h(v) = 5*i(v) + 4*y(v). List the prime factors of h(-3).
11
Let w(b) = -b + 1. Let g be w(-1). Suppose 4*s - 18 = g*z, 2*z = s - 3*s - 6. List the prime factors of s + (-3 + 2 - -2).
3
Let y be 132 - (-2 - -1)*4. Suppose -3*f + 4*b + y = 0, 2*b + 116 = 4*f - 72. What are the prime factors of f?
2, 3
Suppose -25 = 4*s + 3. Let w(d) = -d**3 - 5*d**2 + 8*d - 7. What are the prime factors of w(s)?
5, 7
Suppose 3 + 113 = -3*f - g, -4*g = -3*f - 106. Let j = -25 - f. What are the prime factors of j?
13
Let q(a) = a. Let l(m) = -m**2 - 8*m - 5. Let v be l(-5). Let y = v - 5. List the prime factors of q(y).
5
Suppose 2*c = v + c - 40, 5*v = 2*c + 203. What are the prime factors of v?
41
What are the prime factors of (-5)/(20/12) - (-2 - 51)?
2, 5
Let s = 42 - 12. What are the prime factors of s?
2, 3, 5
Suppose -5*k + 352 = 152. What are the prime factors of k?
2, 5
Let p(x) = -72*x + 1. Let t be p(-1). Let j be (-5)/10 + t/2. Suppose 0 = -n + 4*n - j. What are the prime factors of n?
2, 3
Let o(j) = 4*j + 2 + 2 - 6 + j**3 - 1 + 6*j**2. Suppose -3*q + 25 = -8*q. What are the prime factors of o(q)?
2
Let i(x) = x**2 - 3*x. Let b be i(3). Suppose 0*z - 3*z + 15 = 0, b = -5*a - 3*z + 40. Suppose 5*v = -4*r + 21, -a*r + v + 39 = -r. List the prime factors of r.
3
Let c(s) = 15*s - 3*s + 5*s. What are the prime factors of c(1)?
17
Let q(b) be the third derivative of b**4/12 + 4*b**3/3 + 2*b**2. What are the prime factors of q(5)?
2, 3
Suppose -6*r + 40 = -r. List the prime factors of (10/r)/((-1)/(-8)).
2, 5
Let m = 5 - 7. Let z be m/4*(-1 - 3). Suppose 0 = -4*o - s + 30, -25 = -0*o - 3*o - z*s. List the prime factors of o.
7
Let x(n) = 15*n. Let m be x(-4). Let h = -28 - m. Let l = -20 + h. List the prime factors of l.
2, 3
Let l(p) = -p - p + 5*p - 1 - 2*p. List the prime factors of l(9).
2
Let i = -28 + 40. Let l(f) = f**2 - 9*f - 4. List the prime factors of l(i).
2
Let d = 25 + 8. What are the prime factors of d?
3, 11
Let u = 1 + -4. Let s = u - -12. List the prime factors of s.
3
Let u be 10*((-23)/5 + 1). Let i = 63 + u. List the prime factors of i.
3
Suppose 6 + 14 = 5*l. Let s = 38 + -8. Suppose -s = -2*v + l*a, -a - 37 = -3*v + 3*a. What are the prime factors of v?
7
Let o = -33 + 21. Let a = o + 1. Let t = -8 - a. List the prime factors of t.
3
Let h be (2/(-4))/(6/12). Let b(l) = l**2 - l + 2. Let j be b(0). Let r = j - h. What are the prime factors of r?
3
Let v(c) = -c**3 + 15*c**2 - 18*c - 1. List the prime factors of v(13).
103
Suppose 3*m = -m - 48. What are the prime factors of m/30*(1 + -11)?
2
Suppose -20 + 4 = -4*j. Suppose 6 = -2*y + j*y. List the prime factors of y.
3
Let l = 109 + -62. What are the prime factors of l?
47
Suppose -4*y + 0*y + 24 = 0. What are the prime factors of ((-15)/(-2))/(y/12)?
3, 5
Let d be (20/(-8))/(1/2). Let k(b) = -b + 2. What are the prime factors of k(d)?
7
Let q = -4 - -3. Let v be -21*(-4)/3 + q. Suppose v = y + 5*u, y = -y - 4*u + 36. List the prime factors of y.
2, 3
Let j(m) = -8*m + 25. What are the prime factors of j(-6)?
73
Let g(d) = -d**3 - d - 8*d**2 - 17 + 7 - 2*d. List the prime factors of g(-8).
2, 7
Let x(i) = i**3 - 6*i**2 - 7*i - 1. Let y be x(7). What are the prime factors of -17*(-3 - y - -1)?
17
Let q(f) = f**3 - 12*f**2 + 1 - 10*f + 1 + 3*f**2. Let s be q(10). Suppose 0 = s*m - 17 + 3. What are the prime factors of m?
7
Let t = -3 - -6. Suppose t*a + 0 = 6. What are the prime factors of a?
2
Let k(f) = 4*f**2 + 2*f + 1. What are the prime factors of k(-3)?
31
What are the prime factors of (-8 - (-12)/3) + 42?
2, 19
Let c = 76 + -15. List the prime factors of c.
61
Suppose 4*p - 21 = -3*x, 3*x - 3*p + 4*p - 12 = 0. Suppose -x*y + 6 = -6. Suppose f - 35 = -y*f. What are the prime factors of f?
7
Let x = 2 + 7. Let u be 16 - 6/(-9)*3. Let t = u - x. List the prime factors of t.
3
Let s(c) = c**3 - 3*c**2 - 2. Let x be 4/6*(-9)/(-2). Let b be s(x). What are the prime factors of (-1 + -1)/(b/10)?
2, 5
Let k(v) = v**3 - v**2 + 2. Let y(p) = -2*p**3 + p - 3. Let f(s) = -3*k(s) - 2*y(s). List the prime factors of f(2).
2
Suppose 7*l - 50 = 12*l. Let g(i) = -i**2 - 13*i - 10. What are the prime factors of g(l)?
2, 5
Suppose j = -2*g + 5*j + 560, 2*j = 2*g - 570. Let v be g/8 - 3/12. Suppose k = -2*k + v. What are the prime factors of k?
2, 3
Suppose 13*s = 19*s - 1224. List the prime factors of s.
2, 3, 17
Let d(k) = 2*k**3 - 6*k**2 + 2*k + 2. What are the prime factors of d(4)?
2, 3, 7
Suppose 32 = 13*k + 6. List the prime factors of k.
2
Let f be 4/(-6) + (-17)/(-3). Suppose x = -4*z - 17, f*z = 4*x - 0*x - 37. Suppose 3*u = 4 + 2, x*m + 5*u = 28. What are the prime factors of m?
2, 3
Suppose 0 = -3*f + w - 0*w - 5, 3*w + 12 = 0. Let z(n) = 9*n + 3. Let x(u) = 18*u + 5. Let s(a) = f*x(a) + 5*z(a). What are the prime factors of s(-2)?
2, 3
Suppose v = -v. Let t(q) = 0 + q + 1 + v. List the prime factors of t(5).
2, 3
Suppose 18 = x - 1. What are the prime factors of x?
19
Suppose 0 = -2*p + 1 + 3. Suppose 5*d - 23 = -p*v, 5*d - 1 = 2*d + 2*v. List the prime factors of d.
3
Let f(k) = 4*k**3 - k**2. Let a be f(1). Suppose -a*t + 31 = -68. What are the prime factors of t?
3, 11
Suppose 9 = 2*d + 3. Suppose -j - 4*j = 10. Let l = d - j. What are the prime factors of l?
5
Let z = -148 - -202. List the prime factors of z.
2, 3
Let l be (3/2)/((-6)/(-104)). Suppose -4*d + l = -14. What are the prime factors of d?
2, 5
Let b be -8 - 2/((-6)/3). Let k = 14 + b. What are the prime factors of k?
7
Let o be ((-7)/3)/((-6)/108). Suppose -4*t - 3*x - 27 = 23, -4*t = -x + o. What are the prime factors of 2/t + 171/33?
5
Suppose 0 = 5*c - c + 16. Let g = -2 - c. What are the prime factors of g?
2
Let p(j) = -j**3 + 8*j**2 + 4*j + 3. List the prime factors of p(8).
5, 7
Let i be (0 - -1)/(8/32). Let c(h) be the first derivative of h**3/3 - h**2 - 2*h - 2. What are the prime factors of c(i)?
2, 3
Let c be 0/(2*2/(-4)). Suppose -4 = 4*r, -2*u